).
1
Let d(r) = -1 + 2 + 2*r + 32*r**2 - 43*r**2. What is d(-1)?
-12
Let z(q) be the first derivative of q**4/4 - q**3/3 + q**2/2 + 14*q + 32. Calculate z(0).
14
Let v be (-40)/(-8) - (0 - 4). Let l(s) = -s**2 + 9*s + 11. Calculate l(v).
11
Let y(o) = 5*o**2 - 2*o + 1. Let h(l) = -l - 5. Suppose 0 = 3*z + z + 24. Let v be h(z). Give y(v).
4
Let x be (21/6)/((-2)/(-4)). Let q(k) = 3*k - 7. Give q(x).
14
Suppose 2*h + 0*h - 2 = 0. Let r(s) be the second derivative of s + 0 + 0*s**2 - 7/12*s**4 - 1/6*s**3. What is r(h)?
-8
Suppose 2*p = -4*h - 54, 0 = 5*h + 5*p - 0*p + 60. Let g = 35 - 25. Let z = g + h. Let j(r) = -r**3 - 5*r**2 - r - 2. Give j(z).
3
Let q be 0 - 1*(0 - 7). Suppose q*d = 3*d - 8. Let r(i) = 2*i**3 - 4*i**2 - i - 2. Let k(l) = 5*l**3 - 9*l**2 - 2*l - 4. Let b(h) = 3*k(h) - 7*r(h). Give b(d).
-4
Let u be (1 + -2)*(0 + 0). Let a(z) = 0*z + 0*z + 1 + u*z**2 + 2*z - 3*z**2. What is a(2)?
-7
Let s be -1*(-2 - 5) - -2. Let t be (-2)/(-3) - (-84)/s. Suppose 0*n + 5*v + t = -2*n, 4*n = v - 20. Let l(g) = -g + 1. Give l(n).
6
Let n be 4/10*(4 - -16). Let r = n - 13. Let z(x) = -x**3 - 4*x**2 + 7*x + 6. What is z(r)?
-4
Let a(d) = -3*d**2 + 7*d - 1. Let b(w) = -5*w**2 + 13*w - 2. Let q(k) = -7*a(k) + 4*b(k). Calculate q(2).
9
Let r(l) be the first derivative of -l**4/4 - 2*l**3 - 5*l**2/2 + 3*l - 1. Suppose 2 = 5*j - 7*j. Let z be (-4)/(-1) + 9*j. Calculate r(z).
3
Let j(b) = b + 1. Suppose -s - 3*s = -20. Let q(t) = -s + 2*t - 5 - 7*t. Let h(y) = 10*j(y) + q(y). Determine h(1).
5
Let d(c) be the first derivative of -c**4/4 - 2*c**3 - 5*c**2/2 - 5*c - 10. Let j be d(-5). Let b(u) = u - 1 + 1. Calculate b(j).
-5
Suppose 8*u - 3*u - 10 = 0. Let g(s) = 2*s + 14 - 5*s + u*s + 0*s. Determine g(7).
7
Suppose -3*b + 3*h = -2*h - 17, 4*h - 16 = -5*b. Suppose 15 - 19 = -b*r. Let k(q) = -2*q**2 + q. Determine k(r).
-1
Let b(a) = -53*a**2 + 54*a**2 - 3 - 3*a + 1. Determine b(3).
-2
Let y be (-8)/5 + (-2)/5. Let t(r) be the second derivative of r**4/4 + r**3/3 - 21*r. What is t(y)?
8
Let l(k) = 31 - k**3 - 72 + 33. Calculate l(0).
-8
Let a(f) = 36*f**3 - 1 - 74*f**3 + 35*f**3 + 2*f + 2. Determine a(2).
-19
Let c = 0 - -4. Let p(l) = -l**3 + 3*l**2 + 6*l - 2. Give p(c).
6
Let s(q) = q**2 - q - 10. Suppose 8 = 5*j + 2*d, j + 3*d = 3*j + 12. Determine s(j).
-10
Suppose 4*u + 4*m + 30 = 2*m, -u - 3 = -m. Let h(j) = j**3 + 8*j**2 + 6*j - 4. Let o be h(-7). Let f(t) = t - 8*t + 3 - 7*t**2 - 5*t**3 + 4*t**o. Give f(u).
9
Let b(i) = 6 - i + i - 4*i + 3*i**2 - 2*i**2. Give b(4).
6
Let a = 3 - -3. Let f(p) = 10 - p - 4 - p. Give f(a).
-6
Let x(i) = -i + 1. Let h = 39 + -45. Give x(h).
7
Let b be 2/4*(0 + -8). Suppose 2*d = 6 - 0. Let m(l) = l**d + 3*l**2 - 3 - 6*l + 1 + 0. Determine m(b).
6
Let m(c) = c**2 + 7*c - 4. Suppose 4*i = 2*g - 8, 3*i - 1 - 2 = 3*g. Give m(g).
-10
Let l(c) = 2*c**2 - 6*c - 7. Let u be l(4). Let q(r) = -4*r - 1 + 3*r + 2*r. What is q(u)?
0
Suppose 4*g = -17 - 11. Let m be g/((-21)/12) + 1. Let i(u) = -2*u + 5. Determine i(m).
-5
Let k(w) = -w**2 + w - 2. Let g be ((-3)/(-9))/((-3)/(-27)). Suppose 3*z = 4*m - 12, m + 6 = g*m - z. Give k(m).
-8
Let w(j) be the first derivative of -j**3/3 - 4*j - 1. Suppose -7*g = -x - 5*g + 6, 0 = g + 3. Calculate w(x).
-4
Let q(d) be the first derivative of -d**2 + 4*d + 25. What is q(-3)?
10
Let g(s) = s**3 - 4*s**2 - 5*s + 5. Let b be g(5). Let w(u) = -17 + 0*u + 3*u + 10. Calculate w(b).
8
Let i(j) = -j**2 - 7*j - 4. Suppose 2*a + 5*c = 50, c + 66 = 4*a + 10. Let w be 6/a - 44/10. Calculate i(w).
8
Let h(i) = 2*i - 3. Suppose 3*v = 4 - 28. Let z = v - -12. Give h(z).
5
Let f be (-56)/(-21)*3/2. Let l(q) = -q - 5 - q + f*q. Determine l(4).
3
Let k(n) = 10*n**3 - 3*n**2 - 4*n - 5. Let s(r) = -9*r**3 + 2*r**2 + 3*r + 4. Let x(y) = 3*k(y) + 4*s(y). Determine x(-1).
6
Suppose 4*z - 5 - 3 = 0. Let w(t) be the first derivative of 1/2*t**z - t + 1. What is w(3)?
2
Let p(c) = c**3 - c**2 + c. Let i be 22/18 - (-2)/(-9). Let z(j) = 5*j**3 - 7*j**2 + j + 4. Let b(o) = i*z(o) - 4*p(o). Let m = -109 + 113. Give b(m).
8
Let r(o) = 5*o + 1. Let v = -11 + 14. Suppose 2*d + v = -d. What is r(d)?
-4
Let w = 13 - 10. Let m(h) be the first derivative of -2/3*h**w - 4 + h + h**2. What is m(2)?
-3
Let l(o) = -o. Suppose d - 2 = 3. Determine l(d).
-5
Let r(o) = o**2 - 4*o + 1. Let t be r(4). Let s(h) = 2*h**3 - h + 1. What is s(t)?
2
Let c be (-10 - -9)/(2/(-10)). Let s = -7 + 11. Let z(j) = -3 + 4*j - s*j + j. Determine z(c).
2
Let m(g) = -2*g - 3. Let f(j) = -j**3 + 6*j**2 - 3*j - 14. Let t be f(5). Calculate m(t).
5
Suppose g + 4*g = -5. Let a = -1 - g. Let n(o) = 3*o**2 + 2*o + 5. Let y(r) = -4*r**2 - 3*r - 6. Let x(h) = 3*n(h) + 2*y(h). Give x(a).
3
Let s = 16 + -8. Let t(r) = -2*r**3 + s - r + 3*r**3 - r**2 + 0*r. What is t(0)?
8
Let m(j) = j + 1. Let d(p) = 6*p**2 - 4*p + p**2 - 3*p**2 - 1 - 3*p**2. Let n be d(4). What is m(n)?
0
Let f(h) be the first derivative of h**7/840 + h**6/72 + h**5/30 + h**4/4 - 2*h**3/3 - 3. Let q(t) be the third derivative of f(t). Give q(-4).
6
Let w = 15 - 21. Let m(d) = -d + 21. Let u(f) = 7. Let t(b) = -2*m(b) + 7*u(b). Determine t(w).
-5
Let w(x) = -x**2 - 6*x - 4. Suppose 0 = 2*s + 2*p - 10, 5*p - 17 = -3*s - 2. Suppose -s*q + 0*q = 105. Let g = q + 15. Determine w(g).
-4
Let k = 14 + -8. Let p = 10 - k. Let f(t) = 2*t - 5. Let a be f(p). Let r(c) = c - 5. Give r(a).
-2
Let l = 0 + 0. Let t be l/2*(1 + 0). Let z(c) be the third derivative of -c**4/24 + c**3/3 - 4*c**2. What is z(t)?
2
Let v be 4/14 + 200/35. Let p(c) be the second derivative of -c**5/20 + c**4/2 - c**3/3 - c**2/2 + 19*c. Calculate p(v).
-13
Let m(h) = h**3 - 5*h**2 - 7*h. Let j(c) = c**2 - 3. Let v be j(3). Suppose 4*u = 5*u - v. Determine m(u).
-6
Let y(z) = z**2 - 3. Suppose -35 = -4*s - 11. Suppose -4*k - 5*a + 0*a - 15 = 0, k - s = 2*a. Let d be y(k). Let q(u) = -u**2 - 5*u - 4. Determine q(d).
2
Let i(s) = 2 - 3*s + s**3 - 18*s**2 - 19*s**2 + 36*s**2. What is i(3)?
11
Let z be 4 - (-48)/18*18/(-4). Let k(x) = -x**2 - 7*x + 3. Determine k(z).
-5
Let u(l) = 8*l**2 + 23*l + 29. Let g(h) = 3*h**2 + 8*h + 10. Let f(i) = -11*g(i) + 4*u(i). What is f(5)?
1
Suppose -8 = -17*p + 15*p. Let u(h) = 7*h**2 + 1 - p*h**2 + 3*h**2 + 6*h + h**3. Let g(f) = f**3 - 3*f**2 - 6*f + 3. Let o be g(4). Calculate u(o).
-4
Let m = -3 + 2. Let r(c) be the third derivative of c**6/30 + c**5/60 - 14*c**2. Give r(m).
-3
Let i(k) = k**2 + 4*k + 4. Let a(t) = -t**3 + 13*t**2 - 12*t - 3. Let s be a(12). Determine i(s).
1
Suppose -32 - 10 = 6*w. Let y(u) = -u**2 - 7*u - 5. Determine y(w).
-5
Suppose 4 = 4*g + 16. Let x(r) = -r + 2 + 9 - 10 - 2. What is x(g)?
2
Let y(x) = -x**2 - 9*x + 10. Let v be (-216)/22 + (-14)/77. Let t be y(v). Let u(l) = -l - 13. Let f(i) = -1. Let z(q) = 5*f(q) - u(q). Determine z(t).
8
Let a(q) be the second derivative of -q**5/60 + q**4/12 - q**3/6 - q**2 - q. Let z(g) be the first derivative of a(g). Determine z(1).
0
Let t(j) = 0*j - 5*j + 3*j + 5*j. Let y(q) = 7*q + 1. Let i(z) = 5*t(z) - 2*y(z). Calculate i(6).
4
Let a(t) = t + 7. Suppose 6 + 4 = -2*x + 3*h, h - 10 = 2*x. What is a(x)?
2
Let a(u) = -21*u + 1. Let q = 9 + -10. Give a(q).
22
Let i(p) = p - 2. Let r be 4 + 4*25/(-10). What is i(r)?
-8
Let w(v) = 4 + 12*v**3 - 17*v**3 - 3 - v**2. Calculate w(1).
-5
Let x(l) = -3*l**2 + 26*l - 17. Let h(b) = -b**2 + 9*b - 6. Let i(g) = 17*h(g) - 6*x(g). Let p be ((-4)/10)/((-3)/45). Calculate i(p).
18
Let k(h) be the second derivative of 3*h**5/10 - h**4/12 + h**2/2 + 21*h. What is k(-1)?
-6
Let q(g) = -5*g + 0*g + 4*g + 3. Suppose -4*t + j - 5 - 12 = 0, 0 = -5*j + 25. Determine q(t).
6
Let y(r) = 2*r**2 - 2 - 3*r**2 - 2*r**2 + 2*r. Let v(c) = c**3 + 13*c**2 - 14*c + 2. Let m be v(-14). Give y(m).
-10
Let r(f) = -f**3 - 7*f**2 - 3*f - 5. Let o be (12 + -1 + 3)/(-2). What is r(o)?
16
Suppose -3*n - 8 = -0*n + 2*f, 0 = f + 4. Let k(m) = 4 + n*m - 2*m + 0*m. What is k(5)?
-6
Let u(y) = -5*y**2 - 3*y. Suppose 5*p - p + 8 = 0. Determine u(p).
-14
Let m(x) = -x**3 + 2*x**2 - 2. Suppose 5*b = 8 + 7. Suppose -4*j - b*d + 23 = 0, -5*j + 2*d + 0*d = 0. Calculate m(j).
-2
Let u(k) = -k**3 + 3*k**2 + 2. Suppose -3*q = -0*q - 9. Let d be u(q). Let f(m) = -m**d + 3*m - m**2 + m**2. Calculate f(4).
-4
Let u(i) be the second deriv